{"id":603,"date":"2023-02-18T20:03:56","date_gmt":"2023-02-18T19:03:56","guid":{"rendered":"https:\/\/www.audyt-wifi.pl\/?page_id=603"},"modified":"2023-10-24T11:19:41","modified_gmt":"2023-10-24T09:19:41","slug":"7signal","status":"publish","type":"page","link":"https:\/\/www.audyt-wifi.pl\/index.php\/7signal\/","title":{"rendered":"7Signal"},"content":{"rendered":"\n<p><a href=\"http:\/\/7signal.com\">7Signal<\/a> to ameryka\u0144ska firma specjalizuj\u0105ca si\u0119 w dostarczaniu rozwi\u0105za\u0144 monitorowania i optymalizacji wydajno\u015bci sieci bezprzewodowych w przedsi\u0119biorstwach. Firma oferuje systemy do zarz\u0105dzania wydajno\u015bci\u0105 sieci WLAN (Wireless Local Area Network), kt\u00f3re pozwalaj\u0105 na weryfikacj\u0119 wydajno\u015bci sieci WiFi i wykrywanie ewentualnych problem\u00f3w.<\/p>\n\n\n\n<p>Produkty firmy 7Signal s\u0105 wykorzystywane g\u0142\u00f3wnie w przedsi\u0119biorstwach i instytucjach, w kt\u00f3rych dost\u0119p do sieci WiFi jest kluczowy dla codziennej pracy. Dzi\u0119ki systemom 7Signal mo\u017cliwe jest zwi\u0119kszenie wydajno\u015bci sieci bezprzewodowych i poprawa jako\u015bci dost\u0119pu do sieci dla u\u017cytkownik\u00f3w.<\/p>\n\n\n\n<p>Firma 7Signal oferuje dwa g\u0142\u00f3wne produkty zwi\u0105zanych z monitorowaniem i optymalizacj\u0105 wydajno\u015bci sieci bezprzewodowych:<\/p>\n\n\n\n<hr class=\"wp-block-separator has-alpha-channel-opacity\"\/>\n\n\n\n<p>Sapphire Eye &#8211; system do monitorowania wydajno\u015bci sieci WLAN, kt\u00f3ry umo\u017cliwia dok\u0142adne sprawdzenie wydajno\u015bci sieci WiFi, wykrycie problem\u00f3w z po\u0142\u0105czeniem i diagnozowanie problem\u00f3w z sieci\u0105. Sk\u0142ada si\u0119 z wielu modu\u0142\u00f3w, kt\u00f3re pozwalaj\u0105 na dok\u0142adne monitorowanie i analiz\u0119 wydajno\u015bci sieci WLAN, w tym:<\/p>\n\n\n\n<ul>\n<li>Sensor &#8211; urz\u0105dzenie, kt\u00f3re jest instalowane w sieci WLAN i zbiera dane dotycz\u0105ce wydajno\u015bci sieci.<\/li>\n\n\n\n<li>Server &#8211; serwer, na kt\u00f3rym przechowywane s\u0105 dane dotycz\u0105ce wydajno\u015bci sieci oraz generowane s\u0105 raporty.<\/li>\n\n\n\n<li>Dashboard &#8211; interfejs graficzny, kt\u00f3ry umo\u017cliwia u\u017cytkownikom wizualizacj\u0119 danych dotycz\u0105cych wydajno\u015bci sieci i analizowanie ich.<\/li>\n<\/ul>\n\n\n\n<p>Sapphire Eye oferuje wiele funkcjonalno\u015bci, kt\u00f3re pozwalaj\u0105 na efektywne zarz\u0105dzanie sieci\u0105 WLAN, w tym:<\/p>\n\n\n\n<ul>\n<li>Wykrywanie i diagnozowanie problem\u00f3w z po\u0142\u0105czeniem.<\/li>\n\n\n\n<li>\u015aledzenie wydajno\u015bci sieci w czasie rzeczywistym.<\/li>\n\n\n\n<li>Generowanie raport\u00f3w dotycz\u0105cych wydajno\u015bci sieci oraz rekomendacji dotycz\u0105cych optymalizacji.<\/li>\n\n\n\n<li>Integracja z innymi narz\u0119dziami do monitorowania i zarz\u0105dzania sieci\u0105.<\/li>\n<\/ul>\n\n\n\n<figure class=\"wp-block-embed aligncenter is-type-video is-provider-youtube wp-block-embed-youtube wp-embed-aspect-16-9 wp-has-aspect-ratio\"><div class=\"wp-block-embed__wrapper\">\n<iframe loading=\"lazy\" title=\"About 7SIGNAL&#039;s Sapphire Eye and Wireless Monitoring: Product Overview\" width=\"750\" height=\"422\" src=\"https:\/\/www.youtube.com\/embed\/UoPg29X2c0E?feature=oembed\" frameborder=\"0\" allow=\"accelerometer; autoplay; clipboard-write; encrypted-media; gyroscope; picture-in-picture; web-share\" allowfullscreen><\/iframe>\n<\/div><\/figure>\n\n\n\n<hr class=\"wp-block-separator has-alpha-channel-opacity\"\/>\n\n\n\n<p>Mobile Eye &#8211; narz\u0119dzie diagnostyczne, kt\u00f3re umo\u017cliwia u\u017cytkownikom sprawdzenie wydajno\u015bci swojego po\u0142\u0105czenia WiFi za pomoc\u0105 aplikacji mobilnej, co pozwala na bie\u017c\u0105co diagnozowanie problem\u00f3w z sieci\u0105. Aplikacja jest dost\u0119pna na platformy iOS i Android.<\/p>\n\n\n\n<p>Mobile Eye umo\u017cliwia u\u017cytkownikom sprawdzenie wydajno\u015bci swojego po\u0142\u0105czenia WiFi w sieciach korporacyjnych oraz <a href=\"https:\/\/www.audyt-wifi.pl\/index.php\/2023\/10\/23\/7signal-mobileeye-zapewnia-lepsza-widocznosc-przy-pracy-zdalnej\/\">w zdalnych lokalizacjach<\/a>, w czasie rzeczywistym oraz generowanie raport\u00f3w dotycz\u0105cych wydajno\u015bci sieci. Narz\u0119dzie pozwala na:<\/p>\n\n\n\n<ul>\n<li>Sprawdzenie wydajno\u015bci sieci WLAN w czasie rzeczywistym, w tym pr\u0119dko\u015bci pobierania i wysy\u0142ania danych.<\/li>\n\n\n\n<li>Diagnozowanie problem\u00f3w z po\u0142\u0105czeniem, takich jak zbyt s\u0142aby sygna\u0142 lub niedostateczna przepustowo\u015b\u0107.<\/li>\n\n\n\n<li>Generowanie raport\u00f3w dotycz\u0105cych wydajno\u015bci sieci oraz rekomendacji dotycz\u0105cych optymalizacji.<\/li>\n\n\n\n<li>Por\u00f3wnywanie wydajno\u015bci sieci w r\u00f3\u017cnych miejscach i porach dnia.<\/li>\n<\/ul>\n\n\n\n<figure class=\"wp-block-embed is-type-video is-provider-youtube wp-block-embed-youtube wp-embed-aspect-16-9 wp-has-aspect-ratio\"><div class=\"wp-block-embed__wrapper\">\n<iframe loading=\"lazy\" title=\"About 7SIGNAL Mobile Eye: the Wireless Network Monitoring Software\" width=\"750\" height=\"422\" src=\"https:\/\/www.youtube.com\/embed\/7HY4_oREtn4?feature=oembed\" frameborder=\"0\" allow=\"accelerometer; autoplay; clipboard-write; encrypted-media; gyroscope; picture-in-picture; web-share\" allowfullscreen><\/iframe>\n<\/div><\/figure>\n\n\n\n<p>Wszystkie produkty 7Signal s\u0105 skierowane do przedsi\u0119biorstw i instytucji, kt\u00f3re potrzebuj\u0105 narz\u0119dzi do monitorowania i optymalizacji wydajno\u015bci sieci WLAN, w celu zapewnienia stabilnego i efektywnego po\u0142\u0105czenia dla swoich u\u017cytkownik\u00f3w.<\/p>\n","protected":false},"excerpt":{"rendered":"<p>7Signal to ameryka\u0144ska firma specjalizuj\u0105ca si\u0119 w dostarczaniu rozwi\u0105za\u0144 monitorowania i optymalizacji wydajno\u015bci sieci bezprzewodowych w przedsi\u0119biorstwach. Firma oferuje systemy do zarz\u0105dzania wydajno\u015bci\u0105 sieci WLAN (Wireless Local Area Network), kt\u00f3re pozwalaj\u0105 na weryfikacj\u0119 wydajno\u015bci sieci WiFi i wykrywanie ewentualnych problem\u00f3w. Produkty firmy 7Signal s\u0105 wykorzystywane g\u0142\u00f3wnie w przedsi\u0119biorstwach i instytucjach, [&hellip;]<\/p>\n","protected":false},"author":1,"featured_media":0,"parent":0,"menu_order":0,"comment_status":"closed","ping_status":"closed","template":"","meta":{"footnotes":""},"yoast_head":"<!-- This site is optimized with the Yoast SEO plugin v21.7 - https:\/\/yoast.com\/wordpress\/plugins\/seo\/ -->\n<title>7Signal - Audyt WiFi<\/title>\n<meta name=\"description\" content=\"7Signal - rozwi\u0105zanie do monitorowania i optymalizacji wydajno\u015bci sieci bezprzewodowych. Sapphire Eye. Mobile Eye.\" \/>\n<meta name=\"robots\" content=\"index, follow, max-snippet:-1, max-image-preview:large, max-video-preview:-1\" \/>\n<link rel=\"canonical\" href=\"https:\/\/www.audyt-wifi.pl\/index.php\/7signal\/\" \/>\n<meta property=\"og:locale\" content=\"pl_PL\" \/>\n<meta property=\"og:type\" content=\"article\" \/>\n<meta property=\"og:title\" content=\"7Signal - Audyt WiFi\" \/>\n<meta property=\"og:description\" content=\"7Signal - rozwi\u0105zanie do monitorowania i optymalizacji wydajno\u015bci sieci bezprzewodowych. Sapphire Eye. Mobile Eye.\" \/>\n<meta property=\"og:url\" content=\"https:\/\/www.audyt-wifi.pl\/index.php\/7signal\/\" \/>\n<meta property=\"og:site_name\" content=\"Audyt WiFi\" \/>\n<meta property=\"article:modified_time\" content=\"2023-10-24T09:19:41+00:00\" \/>\n<meta name=\"twitter:card\" content=\"summary_large_image\" \/>\n<meta name=\"twitter:label1\" content=\"Szacowany czas czytania\" \/>\n\t<meta name=\"twitter:data1\" content=\"3 minuty\" \/>\n<script type=\"application\/ld+json\" class=\"yoast-schema-graph\">{\"@context\":\"https:\/\/schema.org\",\"@graph\":[{\"@type\":\"WebPage\",\"@id\":\"https:\/\/www.audyt-wifi.pl\/index.php\/7signal\/\",\"url\":\"https:\/\/www.audyt-wifi.pl\/index.php\/7signal\/\",\"name\":\"7Signal - Audyt WiFi\",\"isPartOf\":{\"@id\":\"https:\/\/www.audyt-wifi.pl\/#website\"},\"datePublished\":\"2023-02-18T19:03:56+00:00\",\"dateModified\":\"2023-10-24T09:19:41+00:00\",\"description\":\"7Signal - rozwi\u0105zanie do monitorowania i optymalizacji wydajno\u015bci sieci bezprzewodowych. Sapphire Eye. Mobile Eye.\",\"breadcrumb\":{\"@id\":\"https:\/\/www.audyt-wifi.pl\/index.php\/7signal\/#breadcrumb\"},\"inLanguage\":\"pl-PL\",\"potentialAction\":[{\"@type\":\"ReadAction\",\"target\":[\"https:\/\/www.audyt-wifi.pl\/index.php\/7signal\/\"]}]},{\"@type\":\"BreadcrumbList\",\"@id\":\"https:\/\/www.audyt-wifi.pl\/index.php\/7signal\/#breadcrumb\",\"itemListElement\":[{\"@type\":\"ListItem\",\"position\":1,\"name\":\"Strona g\u0142\u00f3wna\",\"item\":\"https:\/\/www.audyt-wifi.pl\/\"},{\"@type\":\"ListItem\",\"position\":2,\"name\":\"7Signal\"}]},{\"@type\":\"WebSite\",\"@id\":\"https:\/\/www.audyt-wifi.pl\/#website\",\"url\":\"https:\/\/www.audyt-wifi.pl\/\",\"name\":\"Audyt WiFi - Projektowanie, pomiary i audyt bezpiecze\u0144stwa sieci bezprzewodowych\",\"description\":\"Projektowanie, pomiary i audyt sieci bezprzewodowych\",\"publisher\":{\"@id\":\"https:\/\/www.audyt-wifi.pl\/#organization\"},\"potentialAction\":[{\"@type\":\"SearchAction\",\"target\":{\"@type\":\"EntryPoint\",\"urlTemplate\":\"https:\/\/www.audyt-wifi.pl\/?s={search_term_string}\"},\"query-input\":\"required name=search_term_string\"}],\"inLanguage\":\"pl-PL\"},{\"@type\":\"Organization\",\"@id\":\"https:\/\/www.audyt-wifi.pl\/#organization\",\"name\":\"Audyt WiFi\",\"url\":\"https:\/\/www.audyt-wifi.pl\/\",\"logo\":{\"@type\":\"ImageObject\",\"inLanguage\":\"pl-PL\",\"@id\":\"https:\/\/www.audyt-wifi.pl\/#\/schema\/logo\/image\/\",\"url\":\"https:\/\/i0.wp.com\/www.audyt-wifi.pl\/wp-content\/uploads\/2020\/01\/logo_transparent_v2.png?fit=1200%2C1200&ssl=1\",\"contentUrl\":\"https:\/\/i0.wp.com\/www.audyt-wifi.pl\/wp-content\/uploads\/2020\/01\/logo_transparent_v2.png?fit=1200%2C1200&ssl=1\",\"width\":1200,\"height\":1200,\"caption\":\"Audyt WiFi\"},\"image\":{\"@id\":\"https:\/\/www.audyt-wifi.pl\/#\/schema\/logo\/image\/\"}}]}<\/script>\n<!-- \/ Yoast SEO plugin. -->","yoast_head_json":{"title":"7Signal - Audyt WiFi","description":"7Signal - rozwi\u0105zanie do monitorowania i optymalizacji wydajno\u015bci sieci bezprzewodowych. Sapphire Eye. Mobile Eye.","robots":{"index":"index","follow":"follow","max-snippet":"max-snippet:-1","max-image-preview":"max-image-preview:large","max-video-preview":"max-video-preview:-1"},"canonical":"https:\/\/www.audyt-wifi.pl\/index.php\/7signal\/","og_locale":"pl_PL","og_type":"article","og_title":"7Signal - Audyt WiFi","og_description":"7Signal - rozwi\u0105zanie do monitorowania i optymalizacji wydajno\u015bci sieci bezprzewodowych. Sapphire Eye. Mobile Eye.","og_url":"https:\/\/www.audyt-wifi.pl\/index.php\/7signal\/","og_site_name":"Audyt WiFi","article_modified_time":"2023-10-24T09:19:41+00:00","twitter_card":"summary_large_image","twitter_misc":{"Szacowany czas czytania":"3 minuty"},"schema":{"@context":"https:\/\/schema.org","@graph":[{"@type":"WebPage","@id":"https:\/\/www.audyt-wifi.pl\/index.php\/7signal\/","url":"https:\/\/www.audyt-wifi.pl\/index.php\/7signal\/","name":"7Signal - Audyt WiFi","isPartOf":{"@id":"https:\/\/www.audyt-wifi.pl\/#website"},"datePublished":"2023-02-18T19:03:56+00:00","dateModified":"2023-10-24T09:19:41+00:00","description":"7Signal - rozwi\u0105zanie do monitorowania i optymalizacji wydajno\u015bci sieci bezprzewodowych. Sapphire Eye. Mobile Eye.","breadcrumb":{"@id":"https:\/\/www.audyt-wifi.pl\/index.php\/7signal\/#breadcrumb"},"inLanguage":"pl-PL","potentialAction":[{"@type":"ReadAction","target":["https:\/\/www.audyt-wifi.pl\/index.php\/7signal\/"]}]},{"@type":"BreadcrumbList","@id":"https:\/\/www.audyt-wifi.pl\/index.php\/7signal\/#breadcrumb","itemListElement":[{"@type":"ListItem","position":1,"name":"Strona g\u0142\u00f3wna","item":"https:\/\/www.audyt-wifi.pl\/"},{"@type":"ListItem","position":2,"name":"7Signal"}]},{"@type":"WebSite","@id":"https:\/\/www.audyt-wifi.pl\/#website","url":"https:\/\/www.audyt-wifi.pl\/","name":"Audyt WiFi - Projektowanie, pomiary i audyt bezpiecze\u0144stwa sieci bezprzewodowych","description":"Projektowanie, pomiary i audyt sieci bezprzewodowych","publisher":{"@id":"https:\/\/www.audyt-wifi.pl\/#organization"},"potentialAction":[{"@type":"SearchAction","target":{"@type":"EntryPoint","urlTemplate":"https:\/\/www.audyt-wifi.pl\/?s={search_term_string}"},"query-input":"required name=search_term_string"}],"inLanguage":"pl-PL"},{"@type":"Organization","@id":"https:\/\/www.audyt-wifi.pl\/#organization","name":"Audyt WiFi","url":"https:\/\/www.audyt-wifi.pl\/","logo":{"@type":"ImageObject","inLanguage":"pl-PL","@id":"https:\/\/www.audyt-wifi.pl\/#\/schema\/logo\/image\/","url":"https:\/\/i0.wp.com\/www.audyt-wifi.pl\/wp-content\/uploads\/2020\/01\/logo_transparent_v2.png?fit=1200%2C1200&ssl=1","contentUrl":"https:\/\/i0.wp.com\/www.audyt-wifi.pl\/wp-content\/uploads\/2020\/01\/logo_transparent_v2.png?fit=1200%2C1200&ssl=1","width":1200,"height":1200,"caption":"Audyt WiFi"},"image":{"@id":"https:\/\/www.audyt-wifi.pl\/#\/schema\/logo\/image\/"}}]}},"jetpack_sharing_enabled":true,"_links":{"self":[{"href":"https:\/\/www.audyt-wifi.pl\/index.php\/wp-json\/wp\/v2\/pages\/603"}],"collection":[{"href":"https:\/\/www.audyt-wifi.pl\/index.php\/wp-json\/wp\/v2\/pages"}],"about":[{"href":"https:\/\/www.audyt-wifi.pl\/index.php\/wp-json\/wp\/v2\/types\/page"}],"author":[{"embeddable":true,"href":"https:\/\/www.audyt-wifi.pl\/index.php\/wp-json\/wp\/v2\/users\/1"}],"replies":[{"embeddable":true,"href":"https:\/\/www.audyt-wifi.pl\/index.php\/wp-json\/wp\/v2\/comments?post=603"}],"version-history":[{"count":8,"href":"https:\/\/www.audyt-wifi.pl\/index.php\/wp-json\/wp\/v2\/pages\/603\/revisions"}],"predecessor-version":[{"id":954,"href":"https:\/\/www.audyt-wifi.pl\/index.php\/wp-json\/wp\/v2\/pages\/603\/revisions\/954"}],"wp:attachment":[{"href":"https:\/\/www.audyt-wifi.pl\/index.php\/wp-json\/wp\/v2\/media?parent=603"}],"curies":[{"name":"wp","href":"https:\/\/api.w.org\/{rel}","templated":true}]}}